{"id":244,"date":"2005-07-17T09:28:27","date_gmt":"2005-07-17T07:28:27","guid":{"rendered":"https:\/\/news.lamprecht.net\/index.php\/impressum\/"},"modified":"2018-05-19T12:16:43","modified_gmt":"2018-05-19T10:16:43","slug":"impressum","status":"publish","type":"page","link":"https:\/\/news.lamprecht.net\/index.php\/impressum\/","title":{"rendered":"Impressum"},"content":{"rendered":"<p><strong>Impressum<\/strong><br \/>\nAngaben gem\u00e4\u00df \u00a7 5 TMG<\/p>\n<p>Stephan Lamprecht<br \/>\nWaldstr. 11<br \/>\n22926 Ahrensburg<\/p>\n<p>Vertreten durch:<br \/>\nStephan Lamprecht<br \/>\nKontakt:<br \/>\nTelefon: 04102-200830<br \/>\nE-Mail: info@lamprecht.net<\/p>\n<p>Umsatzsteuer-ID:<br \/>\nUmsatzsteuer-Identifikationsnummer gem\u00e4\u00df \u00a727a Umsatzsteuergesetz: DE283008941<\/p>\n<p>Verantwortlich f\u00fcr den Inhalt nach \u00a7 55 Abs. 2 RStV:<br \/>\nStephan Lamprecht<br \/>\nWaldstr. 11<br \/>\n22926 Ahrensburg<\/p>\n<p>Haftungsausschluss:<\/p>\n<p>Google Analytics<\/p>\n<p>Diese Website benutzt Google Analytics, einen Webanalysedienst der Google Inc. (&#8221;Google&#8221;). Google Analytics verwendet sog. &#8221;Cookies&#8221;, Textdateien, die auf Ihrem Computer gespeichert werden und die eine Analyse der Benutzung der Website durch Sie erm\u00f6glicht. Die durch den Cookie erzeugten Informationen \u00fcber Ihre Benutzung diese Website (einschlie\u00dflich Ihrer IP-Adresse) wird an einen Server von Google in den USA \u00fcbertragen und dort gespeichert. Google wird diese Informationen benutzen, um Ihre Nutzung der Website auszuwerten, um Reports \u00fcber die Websiteaktivit\u00e4ten f\u00fcr die Websitebetreiber zusammenzustellen und um weitere mit der Websitenutzung und der Internetnutzung verbundene Dienstleistungen zu erbringen. Auch wird Google diese Informationen gegebenenfalls an Dritte \u00fcbertragen, sofern dies gesetzlich vorgeschrieben oder soweit Dritte diese Daten im Auftrag von Google verarbeiten. Google wird in keinem Fall Ihre IP-Adresse mit anderen Daten der Google in Verbindung bringen. Sie k\u00f6nnen die Installation der Cookies durch eine entsprechende Einstellung Ihrer Browser Software verhindern; wir weisen Sie jedoch darauf hin, dass Sie in diesem Fall gegebenenfalls nicht s\u00e4mtliche Funktionen dieser Website voll umf\u00e4nglich nutzen k\u00f6nnen. Durch die Nutzung dieser Website erkl\u00e4ren Sie sich mit der Bearbeitung der \u00fcber Sie erhobenen Daten durch Google in der zuvor beschriebenen Art und Weise und zu dem zuvor benannten Zweck einverstanden.<\/p>\n<p>Google AdSense<\/p>\n<p>Diese Website benutzt Google Adsense, einen Webanzeigendienst der Google Inc., USA (&#8221;Google&#8221;). Google Adsense verwendet sog. &#8221;Cookies&#8221; (Textdateien), die auf Ihrem Computer gespeichert werden und die eine Analyse der Benutzung der Website durch Sie erm\u00f6glicht. Google Adsense verwendet auch sog. &#8221;Web Beacons&#8221; (kleine unsichtbare Grafiken) zur Sammlung von Informationen. Durch die Verwendung des Web Beacons k\u00f6nnen einfache Aktionen wie der Besucherverkehr auf der Webseite aufgezeichnet und gesammelt werden. Die durch den Cookie und\/oder Web Beacon erzeugten Informationen \u00fcber Ihre Benutzung diese Website (einschlie\u00dflich Ihrer IP-Adresse) werden an einen Server von Google in den USA \u00fcbertragen und dort gespeichert. Google wird diese Informationen benutzen, um Ihre Nutzung der Website im Hinblick auf die Anzeigen auszuwerten, um Reports \u00fcber die Websiteaktivit\u00e4ten und Anzeigen f\u00fcr die Websitebetreiber zusammenzustellen und um weitere mit der Websitenutzung und der Internetnutzung verbundene Dienstleistungen zu erbringen. Auch wird Google diese Informationen gegebenenfalls an Dritte \u00fcbertragen, sofern dies gesetzlich vorgeschrieben oder soweit Dritte diese Daten im Auftrag von Google verarbeiten. Google wird in keinem Fall Ihre IP-Adresse mit anderen Daten der Google in Verbindung bringen. Das Speichern von Cookies auf Ihrer Festplatte und die Anzeige von Web Beacons k\u00f6nnen Sie verhindern, indem Sie in Ihren Browser-Einstellungen &#8221;keine Cookies akzeptieren&#8221; w\u00e4hlen (Im MS Internet-Explorer unter &#8221;Extras &gt; Internetoptionen &gt; Datenschutz &gt; Einstellung&#8221;; im Firefox unter &#8221;Extras &gt; Einstellungen &gt; Datenschutz &gt; Cookies&#8221;); wir weisen Sie jedoch darauf hin, dass Sie in diesem Fall gegebenenfalls nicht s\u00e4mtliche Funktionen dieser Website voll umf\u00e4nglich nutzen k\u00f6nnen. Durch die Nutzung dieser Website erkl\u00e4ren Sie sich mit der Bearbeitung der \u00fcber Sie erhobenen Daten durch Google in der zuvor beschriebenen Art und Weise und zu dem zuvor benannten Zweck einverstanden.<\/p>\n","protected":false},"excerpt":{"rendered":"<p>Impressum Angaben gem\u00e4\u00df \u00a7 5 TMG Stephan Lamprecht Waldstr. 11 22926 Ahrensburg Vertreten durch: Stephan Lamprecht Kontakt: Telefon: 04102-200830 E-Mail: info@lamprecht.net Umsatzsteuer-ID: Umsatzsteuer-Identifikationsnummer gem\u00e4\u00df \u00a727a Umsatzsteuergesetz: DE283008941 Verantwortlich f\u00fcr den Inhalt nach \u00a7 55 Abs. 2 RStV: Stephan Lamprecht Waldstr. 11 22926 Ahrensburg Haftungsausschluss: Google Analytics Diese Website benutzt Google Analytics, einen Webanalysedienst der Google &hellip; <\/p>\n<p class=\"link-more\"><a href=\"https:\/\/news.lamprecht.net\/index.php\/impressum\/\" class=\"more-link\"><span class=\"screen-reader-text\">\u201eImpressum\u201c <\/span>weiterlesen<\/a><\/p>\n","protected":false},"author":2,"featured_media":0,"parent":0,"menu_order":100,"comment_status":"closed","ping_status":"closed","template":"","meta":{"advanced_seo_description":"","jetpack_seo_html_title":"","jetpack_seo_noindex":false,"footnotes":""},"class_list":["post-244","page","type-page","status-publish","hentry"],"wppr_data":{"cwp_meta_box_check":"No"},"jetpack_shortlink":"https:\/\/wp.me\/POKED-3W","jetpack_sharing_enabled":true,"jetpack-related-posts":[{"id":3552,"url":"https:\/\/news.lamprecht.net\/index.php\/datenschutzbelehrung\/","url_meta":{"origin":244,"position":0},"title":"Datenschutzbelehrung","author":"Stephan Lamprecht, Ahrensburg","date":"19\/5\/2018","format":false,"excerpt":"Verantwortlicher Stephan Lamprecht Waldstr. 11 22926 Ahrensburg info@lamprecht.net Datenschutz ist mir wichtig. Deswegen erl\u00e4utere ich Ihnen gern, was mit Ihren Daten passiert. Hosting (Zugriff auf dieses Angebot) Diese Seiten nutzen die Hosting-Leistungen eines Providers. Er stellt Speicherplatz, Rechenkapazit\u00e4t, Datenbanken und Wartungsdienstleistungen zur Verf\u00fcgung. Diese sind f\u00fcr den Betrieb dieses Angebots\u2026","rel":"","context":"\u00c4hnlicher Beitrag","block_context":{"text":"\u00c4hnlicher Beitrag","link":""},"img":{"alt_text":"","src":"","width":0,"height":0},"classes":[]},{"id":3544,"url":"https:\/\/news.lamprecht.net\/index.php\/cookie-policy\/","url_meta":{"origin":244,"position":1},"title":"Cookie Policy","author":"Stephan Lamprecht, Ahrensburg","date":"1\/5\/2018","format":false,"excerpt":"This site uses cookies - small text files that are placed on your machine to help the site provide a better user experience. In general, cookies are used to retain user preferences, store information for things like shopping carts, and provide anonymised tracking data to third party applications like Google\u2026","rel":"","context":"\u00c4hnlicher Beitrag","block_context":{"text":"\u00c4hnlicher Beitrag","link":""},"img":{"alt_text":"","src":"","width":0,"height":0},"classes":[]},{"id":245,"url":"https:\/\/news.lamprecht.net\/index.php\/about\/","url_meta":{"origin":244,"position":2},"title":"Wer schreibt hier?","author":"Stephan Lamprecht, Ahrensburg","date":"17\/7\/2005","format":false,"excerpt":"Seit Anfang der 90er Jahre arbeite ich erfolgreich als Journalist, Autor und Dozent. Einen meiner Schwerpunkte bilden IT und Technik. Ich schreibe aber auch gern \u00fcber Geschichte und Literatur (das habe ich mal studiert), Zeitmanagement und E-Commerce. 1996 habe ich einen der ersten deutschsprachigen Titel zum Thema Marketing im Internet\u2026","rel":"","context":"In &quot;allgemein&quot;","block_context":{"text":"allgemein","link":"https:\/\/news.lamprecht.net\/index.php\/category\/stamm\/allgemein\/"},"img":{"alt_text":"","src":"","width":0,"height":0},"classes":[]},{"id":1856,"url":"https:\/\/news.lamprecht.net\/index.php\/meine-homepage\/","url_meta":{"origin":244,"position":3},"title":"Meine Homepage","author":"Stephan Lamprecht, Ahrensburg","date":"19\/4\/2010","format":false,"excerpt":"http:\/\/www.lamprecht.net","rel":"","context":"In &quot;allgemein&quot;","block_context":{"text":"allgemein","link":"https:\/\/news.lamprecht.net\/index.php\/category\/stamm\/allgemein\/"},"img":{"alt_text":"","src":"","width":0,"height":0},"classes":[]},{"id":1593,"url":"https:\/\/news.lamprecht.net\/index.php\/kontakt\/","url_meta":{"origin":244,"position":4},"title":"Kontakt","author":"Stephan Lamprecht, Ahrensburg","date":"4\/9\/2009","format":false,"excerpt":"","rel":"","context":"In &quot;allgemein&quot;","block_context":{"text":"allgemein","link":"https:\/\/news.lamprecht.net\/index.php\/category\/stamm\/allgemein\/"},"img":{"alt_text":"","src":"","width":0,"height":0},"classes":[]}],"_links":{"self":[{"href":"https:\/\/news.lamprecht.net\/index.php\/wp-json\/wp\/v2\/pages\/244","targetHints":{"allow":["GET"]}}],"collection":[{"href":"https:\/\/news.lamprecht.net\/index.php\/wp-json\/wp\/v2\/pages"}],"about":[{"href":"https:\/\/news.lamprecht.net\/index.php\/wp-json\/wp\/v2\/types\/page"}],"author":[{"embeddable":true,"href":"https:\/\/news.lamprecht.net\/index.php\/wp-json\/wp\/v2\/users\/2"}],"replies":[{"embeddable":true,"href":"https:\/\/news.lamprecht.net\/index.php\/wp-json\/wp\/v2\/comments?post=244"}],"version-history":[{"count":14,"href":"https:\/\/news.lamprecht.net\/index.php\/wp-json\/wp\/v2\/pages\/244\/revisions"}],"predecessor-version":[{"id":3551,"href":"https:\/\/news.lamprecht.net\/index.php\/wp-json\/wp\/v2\/pages\/244\/revisions\/3551"}],"wp:attachment":[{"href":"https:\/\/news.lamprecht.net\/index.php\/wp-json\/wp\/v2\/media?parent=244"}],"curies":[{"name":"wp","href":"https:\/\/api.w.org\/{rel}","templated":true}]}}